81 a factor of 2534?
False
Is 9 a factor of 1167?
False
Is 121 a multiple of 15?
False
Is 1000 a multiple of 15?
False
Does 80 divide 19310?
False
Is 365 a multiple of 136?
False
Does 12 divide 14346?
False
Does 18 divide 16330?
False
Is 26 even?
True
Is 912 a multiple of 57?
True
Is 2284 a multiple of 16?
False
Is 3 a factor of 3675?
True
Is 29 a factor of 870?
True
Does 29 divide 3197?
False
Does 7 divide 29710?
False
Is 14 a factor of 3066?
True
Does 9 divide 7812?
True
Is 34417 a multiple of 79?
False
Is 245 a multiple of 5?
True
Does 3 divide 5953?
False
Is 13 a factor of 2321?
False
Is 8 a factor of 2028?
False
Is 11340 a multiple of 9?
True
Is 25 a factor of 3729?
False
Does 28 divide 2716?
True
Is 24160 a multiple of 151?
True
Is 2554 a multiple of 65?
False
Does 16 divide 983?
False
Is 70 a factor of 1706?
False
Does 95 divide 5320?
True
Does 22 divide 785?
False
Is 304 a multiple of 7?
False
Is 633 a multiple of 24?
False
Does 57 divide 627?
True
Does 5 divide 688?
False
Is 5 a factor of 562?
False
Does 8 divide 5263?
False
Is 35 a factor of 3901?
False
Does 72 divide 51912?
True
Is 1485 a multiple of 33?
True
Is 8731 a multiple of 8?
False
Does 16 divide 2304?
True
Is 7 a factor of 314?
False
Is 1433 a multiple of 4?
False
Is 117 a factor of 1837?
False
Is 75 a factor of 2400?
True
Does 73 divide 8906?
True
Does 12 divide 108?
True
Does 29 divide 2755?
True
Is 1764 a multiple of 18?
True
Is 1169 a multiple of 22?
False
Is 4050 a multiple of 62?
False
Is 351 a multiple of 27?
True
Does 170 divide 9180?
True
Does 74 divide 2449?
False
Is 264 a factor of 146556?
False
Is 824 a multiple of 8?
True
Is 10 a factor of 3730?
True
Is 8 a factor of 31278?
False
Does 58 divide 22098?
True
Is 371 even?
False
Is 45 a factor of 3944?
False
Is 29 a factor of 2659?
False
Does 33 divide 4785?
True
Is 3146 a multiple of 13?
True
Is 8 a factor of 784?
True
Is 259 a multiple of 12?
False
Does 67 divide 921?
False
Is 150 a factor of 5113?
False
Is 5 a factor of 1060?
True
Is 13 a factor of 3028?
False
Does 5 divide 4205?
True
Is 476 a multiple of 14?
True
Is 44 a factor of 31636?
True
Is 14 a factor of 902?
False
Does 13 divide 17518?
False
Is 3319 a multiple of 37?
False
Does 10 divide 280?
True
Does 75 divide 1009?
False
Does 37 divide 1036?
True
Is 89 a factor of 5785?
True
Is 1521 a multiple of 21?
False
Is 192 a multiple of 96?
True
Is 4 a factor of 947?
False
Is 18483 a multiple of 24?
False
Is 261 a factor of 55071?
True
Is 15 a factor of 14543?
False
Is 1536 a multiple of 48?
True
Does 31 divide 1519?
True
Is 79 a factor of 2986?
False
Does 15 divide 2074?
False
Does 19 divide 26752?
True
Is 22 a factor of 5698?
True
Is 1054 a multiple of 34?
True
Is 36066 a multiple of 18?
False
Does 8 divide 264?
True
Does 49 divide 946?
False
Is 30140 a multiple of 10?
True
Does 26 divide 3322?
False
Is 18 a factor of 594?
True
Is 7 a factor of 848?
False
Is 1020 a multiple of 20?
True
Is 1729 a multiple of 13?
True
Does 37 divide 518?
True
Is 458 a multiple of 7?
False
Does 54 divide 1828?
False
Is 1632 a multiple of 96?
True
Is 2548 a multiple of 4?
True
Is 69900 a multiple of 50?
True
Does 14 divide 636?
False
Is 841 a multiple of 10?
False
Is 935 a multiple of 91?
False
Is 49 a factor of 10338?
False
Does 128 divide 5586?
False
Is 6026 a multiple of 18?
False
Does 82 divide 17605?
False
Does 21 divide 336?
True
Does 16 divide 26160?
True
Does 111 divide 999?
True
Is 26 a factor of 23818?
False
Is 1680 a multiple of 16?
True
Is 9 a factor of 441?
True
Is 318 a multiple of 31?
False
Does 30 divide 2161?
False
Is 23 a factor of 1179?
False
Is 2939 a multiple of 10?
False
Is 9 a factor of 621?
True
Does 93 divide 48916?
False
Is 405 a factor of 810?
True
Does 35 divide 5294?
False
Is 105 a factor of 566?
False
Is 2700 a multiple of 7?
False
Is 81865 a multiple of 12?
False
Is 1004 a multiple of 11?
False
Is 75 a factor of 1519?
False
Is 145 a multiple of 2?
False
Is 11 a factor of 17157?
False
Is 39 a factor of 815?
False
Is 357 a multiple of 21?
True
Is 40 a multiple of 3?
False
Is 19 a factor of 3920?
False
Does 3 divide 2859?
True
Is 12400 a multiple of 22?
False
Does 17 divide 935?
True
Is 53 a factor of 1304?
False
Is 3648 a multiple of 16?
True
Is 190 a factor of 36481?
False
Is 6555 a multiple of 51?
False
Is 40851 a multiple of 207?
False
Does 2 divide 18?
True
Does 61 divide 20806?
False
Is 130109 a multiple of 25?
False
Is 14 a factor of 436?
False
Does 7 divide 432?
False
Does 13 divide 34946?
False
Is 1368 a multiple of 38?
True
Is 29 a factor of 3306?
True
Does 3 divide 238?
False
Is 108680 a multiple of 260?
True
Does 24 divide 14592?
True
Is 25140 a multiple of 13?
False
Is 4355 a multiple of 13?
True
Does 6 divide 76?
False
Does 21 divide 283?
False
Is 1356 a multiple of 17?
False
Does 102 divide 12746?
False
Is 6139 a multiple of 7?
True
Is 15 a factor of 2970?
True
Does 6 divide 14?
False
Is 6528 a multiple of 51?
True
Is 85 a multiple of 2?
False
Is 5156 a multiple of 13?
False
Does 38 divide 3610?
True
Is 27 a factor of 2450?
False
Is 4716 a multiple of 12?
True
Does 60 divide 3450?
False
Is 51415 a multiple of 65?
True
Is 25 a factor of 113?
False
Is 8221 a multiple of 127?
False
Does 36 divide 11045?
False
Is 31529 a multiple of 13?
False
Does 14 divide 193144?
True
Does 121 divide 2420?
True
Does 15 divide 25995?
True
Is 3285 a multiple of 11?
False
Is 760 a multiple of 5?
True
Is 30 a factor of 1470?
True
Is 907 a multiple of 28?
False
Is 29 a factor of 5713?
True
Is 1924 a multiple of 74?
True
Is 27 a factor of 1161?
True
Is 2615 a multiple of 5?
True
Does 35 divide 236?
False
Is 36 a factor of 46633?
False
Is 2904 a multiple of 12?
True
Does 79 divide 3002?
True
Does 31 divide 1860?
True
Is 765 a multiple of 9?
True
Is 446 a multiple of 38?
False
Is 9671 a multiple of 4?
False
Does 43 divide 344?
True
Is 297 a multiple of 33?
True
Does 21 divide 1390?
False
Does 112 divide 9386?
False
Is 43128 a multiple of 72?
True
Does 26 divide 130?
True
Is 3849 a multiple of 56?
False
Does 37 divide 4144?
True
Does 54 divide 1575?
False
Does 105 divide 9324?
False
Does 45 divide 5130?
True
Is 3 a factor of 102?
True
Is 9734 a multiple of 136?
False
Does 13 divide 3263?
True
Does 39 divide 7995?
True
Is 517 a multiple of 29?
False
Does 8 divide 792?
True
Does 28 divide 163?
False
Does 13 divide 3172?
True
Is 12250 a multiple of 120?
False
Does 7 divide 16233?
True
Is 47 a factor of 7426?
True
Is 1600 a multiple of 6?
False
Is 11040 a multiple of 12?
True
Is 3 a factor of 3085?
False
Does 4 divide 284?
True
Is 826 a multiple of 8?
False
Does 5 divide 530?
True
Does 18 divide 227?
False
Is 13 a factor of 4771?
True
Is 506 a multiple of 2?
True
Is 880 a multiple of 8?
True
Is 4 a factor of 341?
False
Does 4 divide 179?
False
Is 168 a multiple of 84?
True
Is 53 a factor of 2579?
False
Is 4568 a multiple of 43?
False
Is 228 a multiple of 4?
True
Is 17 a factor of 2571?
False
Is 3445 a multiple of 21?
False
Is 5 a factor of 485?
True
Does 14 divide 63448?
True
Is 9466 a multiple of 13?
False
Is 29 a factor of 13296?
False
Does 10 divide 60?
True
Does 43 divide 3827?
True
Is 6 a factor of 40662?
True
Is 5202 a multiple of 34?
True
Does 2 divide 469?
False
Is 55 a factor of 88258?
False
Does 79 divide 3171?
False
Is 115 a factor of 41922?
False
Is 145 a multiple of 5?
True
Is 2001 a multiple of 83?
False
Is 26 a factor of 858?
True
Does 70 divide 3068?
False
Is 228 a multiple of 8?
False
Does 69 divide 28509?
False
Is 189 even?
False
Is 535 a multiple of 28?
False
Is 153 a factor of 918?
True
Is 7944 a multiple of 24?
True
Is 10 a multiple of 3?
False
Does 100 divide 5070?
False
Is 28 a factor of 16461?
False
Does 17 divide 1513?
True
Is 295 a multiple of 24?
False
Is 3415 a multiple of 5?
True
Is 52 a factor of 5200?
True
Is 55584 a multiple of 96?
True
Is 1535 a multiple of 25?
False
Is 288 a multiple of 26?
False
Is 467 a multiple of 36?
False
Is 611 a multiple of 47?
True
Does 131 divide 9839?
False
Does 60 divide 1311?
False
Is 13 a factor of 16276?
True
Does 16 divide 8979?
False
Does 17 divide 1989?
True
Does 41 divide 1094?
False
Is 3 a factor of 9139?
False
Is 72 a factor of 10292?
False
Is 58200 a multiple of 177?
False
Is 603 a multiple of